{"id":1236,"date":"2019-04-30T15:33:36","date_gmt":"2019-04-30T13:33:36","guid":{"rendered":"https:\/\/www.grafikat.at\/blog\/?page_id=1236"},"modified":"2023-07-21T14:56:45","modified_gmt":"2023-07-21T12:56:45","slug":"ueber-mich","status":"publish","type":"page","link":"https:\/\/www.grafikat.at\/blog\/ueber-mich\/","title":{"rendered":"\u00dcber mich"},"content":{"rendered":"\n<p>Sch\u00f6n, dass du hier hergefunden hast!<\/p>\n\n\n\n<p>Ich bin Katharina, 35 Jahre jung und lebe im sch\u00f6nen Weinviertel\/Nieder\u00f6sterreich. Sowohl hauptberuflich als auch nebenberuflich bin ich als Grafikerin t\u00e4tig. <\/p>\n\n\n\n<p>Schon seit meiner Kindheit fotografiere ich gern und viel. 2014 entstand dann in meiner Zeit als Studentin die Idee dieses Blogs (<a href=\"https:\/\/www.grafikat.at\/blog\/hereinspaziert\/\" rel=\"nofollow\">hier<\/a> geht es \u00fcbrigens zu meinem ersten Blogeintrag). Der Blog beinhaltet haupts\u00e4chlich Fotoreportagen meiner bisherigen Reisen. Die Fotografie und das Reisen z\u00e4hlen schon lange zu meiner Leidenschaft. Ich liebe es Neues zu entdecken, dabei sch\u00f6ne Momente festzuhalten und meine Erlebnisse hier zu teilen. <\/p>\n\n\n\n<p><\/p>\n\n\n\n<p class=\"has-black-color has-text-color has-background\" style=\"background-color:#fae8e6\"><strong>Wieso der Name grafikat?<\/strong><br>Aus meinem Beruf als Grafikerin und den ersten drei Anfangsbuchstaben meines Vornamens entstand das Wort &#8222;grafikat&#8220; (ausgesprochen <em>grafi-kat<\/em>). Dar\u00fcber hinaus passt das &#8222;<em>kat<\/em>&#8220; (engl. &#8222;<em>cat<\/em>&#8222;) auch ganz gut, da ich (schwarze) Katzen mag \ud83d\ude09<\/p>\n\n\n\n<p>Ich w\u00fcnsche dir viel Spass beim Durchst\u00f6bern und freue mich \u00fcber jeden Kommentar.<\/p>\n\n\n\n<p>Alles Liebe,<br>Kathi<\/p>\n\n\n<div class=\"wp-block-image is-style-default\">\n<figure class=\"aligncenter size-large is-resized\"><img decoding=\"async\" loading=\"lazy\" src=\"https:\/\/www.grafikat.at\/blog\/wp-content\/uploads\/2022\/06\/IMG_6003-682x1024.jpg\" alt=\"\u00dcber mich\" class=\"wp-image-2481\" width=\"512\" height=\"768\" title=\"\u00dcber mich\" srcset=\"https:\/\/www.grafikat.at\/blog\/wp-content\/uploads\/2022\/06\/IMG_6003-682x1024.jpg 682w, https:\/\/www.grafikat.at\/blog\/wp-content\/uploads\/2022\/06\/IMG_6003-200x300.jpg 200w, https:\/\/www.grafikat.at\/blog\/wp-content\/uploads\/2022\/06\/IMG_6003-768x1152.jpg 768w, https:\/\/www.grafikat.at\/blog\/wp-content\/uploads\/2022\/06\/IMG_6003-1024x1536.jpg 1024w, https:\/\/www.grafikat.at\/blog\/wp-content\/uploads\/2022\/06\/IMG_6003.jpg 1333w\" sizes=\"(max-width: 512px) 100vw, 512px\" \/><\/figure><\/div>","protected":false},"excerpt":{"rendered":"<p>Sch\u00f6n, dass du hier hergefunden hast! Ich bin Katharina, 35 Jahre jung und lebe im sch\u00f6nen Weinviertel\/Nieder\u00f6sterreich. Sowohl hauptberuflich als auch nebenberuflich bin ich als Grafikerin t\u00e4tig. Schon seit meiner Kindheit fotografiere ich gern und&#8230;<\/p>\n<div class=\"more\"><a class=\"more-link\" href=\"https:\/\/www.grafikat.at\/blog\/ueber-mich\/\">Mehr lesen<\/a><\/div>","protected":false},"author":1,"featured_media":0,"parent":0,"menu_order":0,"comment_status":"closed","ping_status":"closed","template":"","meta":{"_lmt_disableupdate":"","_lmt_disable":"","_genesis_hide_title":false,"_genesis_hide_breadcrumbs":false,"_genesis_hide_singular_image":false,"_genesis_hide_footer_widgets":false,"_genesis_custom_body_class":"","_genesis_custom_post_class":"","_genesis_layout":""},"yoast_head":"<!-- This site is optimized with the Yoast SEO plugin v20.11 - https:\/\/yoast.com\/wordpress\/plugins\/seo\/ -->\n<title>\u00dcber mich | Blog von grafikat \u2013\u00a0Grafikerin aus N\u00d6<\/title>\n<meta name=\"description\" content=\"grafikat \u2013 ich bin Grafikerin aus Nieder\u00f6sterreich und auf meinem Blog berichte ich u.a. \u00fcber meine Reisen, die ich fotografisch festhalte.\" \/>\n<meta name=\"robots\" content=\"noindex, follow\" \/>\n<meta property=\"og:locale\" content=\"de_DE\" \/>\n<meta property=\"og:type\" content=\"article\" \/>\n<meta property=\"og:title\" content=\"\u00dcber mich | Blog von grafikat \u2013\u00a0Grafikerin aus N\u00d6\" \/>\n<meta property=\"og:description\" content=\"grafikat \u2013 ich bin Grafikerin aus Nieder\u00f6sterreich und auf meinem Blog berichte ich u.a. \u00fcber meine Reisen, die ich fotografisch festhalte.\" \/>\n<meta property=\"og:url\" content=\"https:\/\/www.grafikat.at\/blog\/ueber-mich\/\" \/>\n<meta property=\"og:site_name\" content=\"Blog von grafikat \u2013\u00a0Grafikerin aus N\u00d6\" \/>\n<meta property=\"article:publisher\" content=\"https:\/\/www.facebook.com\/grafikat.at\" \/>\n<meta property=\"article:modified_time\" content=\"2023-07-21T12:56:45+00:00\" \/>\n<meta property=\"og:image\" content=\"https:\/\/www.grafikat.at\/blog\/wp-content\/uploads\/2022\/06\/IMG_6003-682x1024.jpg\" \/>\n<meta name=\"twitter:card\" content=\"summary_large_image\" \/>\n<meta name=\"twitter:label1\" content=\"Gesch\u00e4tzte Lesezeit\" \/>\n\t<meta name=\"twitter:data1\" content=\"2\u00a0Minuten\" \/>\n<script type=\"application\/ld+json\" class=\"yoast-schema-graph\">{\"@context\":\"https:\/\/schema.org\",\"@graph\":[{\"@type\":\"WebPage\",\"@id\":\"https:\/\/www.grafikat.at\/blog\/ueber-mich\/\",\"url\":\"https:\/\/www.grafikat.at\/blog\/ueber-mich\/\",\"name\":\"\u00dcber mich | Blog von grafikat \u2013\u00a0Grafikerin aus N\u00d6\",\"isPartOf\":{\"@id\":\"https:\/\/www.grafikat.at\/blog\/#website\"},\"datePublished\":\"2019-04-30T13:33:36+00:00\",\"dateModified\":\"2023-07-21T12:56:45+00:00\",\"description\":\"grafikat \u2013 ich bin Grafikerin aus Nieder\u00f6sterreich und auf meinem Blog berichte ich u.a. \u00fcber meine Reisen, die ich fotografisch festhalte.\",\"breadcrumb\":{\"@id\":\"https:\/\/www.grafikat.at\/blog\/ueber-mich\/#breadcrumb\"},\"inLanguage\":\"de\",\"potentialAction\":[{\"@type\":\"ReadAction\",\"target\":[\"https:\/\/www.grafikat.at\/blog\/ueber-mich\/\"]}]},{\"@type\":\"BreadcrumbList\",\"@id\":\"https:\/\/www.grafikat.at\/blog\/ueber-mich\/#breadcrumb\",\"itemListElement\":[{\"@type\":\"ListItem\",\"position\":1,\"name\":\"Startseite\",\"item\":\"https:\/\/www.grafikat.at\/blog\/\"},{\"@type\":\"ListItem\",\"position\":2,\"name\":\"\u00dcber mich\"}]},{\"@type\":\"WebSite\",\"@id\":\"https:\/\/www.grafikat.at\/blog\/#website\",\"url\":\"https:\/\/www.grafikat.at\/blog\/\",\"name\":\"Blog von grafikat \u2013\u00a0Grafikerin aus N\u00d6\",\"description\":\"Fotografie und mehr\",\"publisher\":{\"@id\":\"https:\/\/www.grafikat.at\/blog\/#organization\"},\"potentialAction\":[{\"@type\":\"SearchAction\",\"target\":{\"@type\":\"EntryPoint\",\"urlTemplate\":\"https:\/\/www.grafikat.at\/blog\/?s={search_term_string}\"},\"query-input\":\"required name=search_term_string\"}],\"inLanguage\":\"de\"},{\"@type\":\"Organization\",\"@id\":\"https:\/\/www.grafikat.at\/blog\/#organization\",\"name\":\"grafikat \u2013\u00a0Katharina Spitzer\",\"url\":\"https:\/\/www.grafikat.at\/blog\/\",\"logo\":{\"@type\":\"ImageObject\",\"inLanguage\":\"de\",\"@id\":\"https:\/\/www.grafikat.at\/blog\/#\/schema\/logo\/image\/\",\"url\":\"https:\/\/www.grafikat.at\/blog\/wp-content\/uploads\/2018\/06\/logo_grafikat.svg\",\"contentUrl\":\"https:\/\/www.grafikat.at\/blog\/wp-content\/uploads\/2018\/06\/logo_grafikat.svg\",\"width\":1,\"height\":1,\"caption\":\"grafikat \u2013\u00a0Katharina Spitzer\"},\"image\":{\"@id\":\"https:\/\/www.grafikat.at\/blog\/#\/schema\/logo\/image\/\"},\"sameAs\":[\"https:\/\/www.facebook.com\/grafikat.at\",\"https:\/\/www.instagram.com\/miezekathi\"]}]}<\/script>\n<!-- \/ Yoast SEO plugin. -->","yoast_head_json":{"title":"\u00dcber mich | Blog von grafikat \u2013\u00a0Grafikerin aus N\u00d6","description":"grafikat \u2013 ich bin Grafikerin aus Nieder\u00f6sterreich und auf meinem Blog berichte ich u.a. \u00fcber meine Reisen, die ich fotografisch festhalte.","robots":{"index":"noindex","follow":"follow"},"og_locale":"de_DE","og_type":"article","og_title":"\u00dcber mich | Blog von grafikat \u2013\u00a0Grafikerin aus N\u00d6","og_description":"grafikat \u2013 ich bin Grafikerin aus Nieder\u00f6sterreich und auf meinem Blog berichte ich u.a. \u00fcber meine Reisen, die ich fotografisch festhalte.","og_url":"https:\/\/www.grafikat.at\/blog\/ueber-mich\/","og_site_name":"Blog von grafikat \u2013\u00a0Grafikerin aus N\u00d6","article_publisher":"https:\/\/www.facebook.com\/grafikat.at","article_modified_time":"2023-07-21T12:56:45+00:00","og_image":[{"url":"https:\/\/www.grafikat.at\/blog\/wp-content\/uploads\/2022\/06\/IMG_6003-682x1024.jpg"}],"twitter_card":"summary_large_image","twitter_misc":{"Gesch\u00e4tzte Lesezeit":"2\u00a0Minuten"},"schema":{"@context":"https:\/\/schema.org","@graph":[{"@type":"WebPage","@id":"https:\/\/www.grafikat.at\/blog\/ueber-mich\/","url":"https:\/\/www.grafikat.at\/blog\/ueber-mich\/","name":"\u00dcber mich | Blog von grafikat \u2013\u00a0Grafikerin aus N\u00d6","isPartOf":{"@id":"https:\/\/www.grafikat.at\/blog\/#website"},"datePublished":"2019-04-30T13:33:36+00:00","dateModified":"2023-07-21T12:56:45+00:00","description":"grafikat \u2013 ich bin Grafikerin aus Nieder\u00f6sterreich und auf meinem Blog berichte ich u.a. \u00fcber meine Reisen, die ich fotografisch festhalte.","breadcrumb":{"@id":"https:\/\/www.grafikat.at\/blog\/ueber-mich\/#breadcrumb"},"inLanguage":"de","potentialAction":[{"@type":"ReadAction","target":["https:\/\/www.grafikat.at\/blog\/ueber-mich\/"]}]},{"@type":"BreadcrumbList","@id":"https:\/\/www.grafikat.at\/blog\/ueber-mich\/#breadcrumb","itemListElement":[{"@type":"ListItem","position":1,"name":"Startseite","item":"https:\/\/www.grafikat.at\/blog\/"},{"@type":"ListItem","position":2,"name":"\u00dcber mich"}]},{"@type":"WebSite","@id":"https:\/\/www.grafikat.at\/blog\/#website","url":"https:\/\/www.grafikat.at\/blog\/","name":"Blog von grafikat \u2013\u00a0Grafikerin aus N\u00d6","description":"Fotografie und mehr","publisher":{"@id":"https:\/\/www.grafikat.at\/blog\/#organization"},"potentialAction":[{"@type":"SearchAction","target":{"@type":"EntryPoint","urlTemplate":"https:\/\/www.grafikat.at\/blog\/?s={search_term_string}"},"query-input":"required name=search_term_string"}],"inLanguage":"de"},{"@type":"Organization","@id":"https:\/\/www.grafikat.at\/blog\/#organization","name":"grafikat \u2013\u00a0Katharina Spitzer","url":"https:\/\/www.grafikat.at\/blog\/","logo":{"@type":"ImageObject","inLanguage":"de","@id":"https:\/\/www.grafikat.at\/blog\/#\/schema\/logo\/image\/","url":"https:\/\/www.grafikat.at\/blog\/wp-content\/uploads\/2018\/06\/logo_grafikat.svg","contentUrl":"https:\/\/www.grafikat.at\/blog\/wp-content\/uploads\/2018\/06\/logo_grafikat.svg","width":1,"height":1,"caption":"grafikat \u2013\u00a0Katharina Spitzer"},"image":{"@id":"https:\/\/www.grafikat.at\/blog\/#\/schema\/logo\/image\/"},"sameAs":["https:\/\/www.facebook.com\/grafikat.at","https:\/\/www.instagram.com\/miezekathi"]}]}},"_links":{"self":[{"href":"https:\/\/www.grafikat.at\/blog\/wp-json\/wp\/v2\/pages\/1236"}],"collection":[{"href":"https:\/\/www.grafikat.at\/blog\/wp-json\/wp\/v2\/pages"}],"about":[{"href":"https:\/\/www.grafikat.at\/blog\/wp-json\/wp\/v2\/types\/page"}],"author":[{"embeddable":true,"href":"https:\/\/www.grafikat.at\/blog\/wp-json\/wp\/v2\/users\/1"}],"replies":[{"embeddable":true,"href":"https:\/\/www.grafikat.at\/blog\/wp-json\/wp\/v2\/comments?post=1236"}],"version-history":[{"count":31,"href":"https:\/\/www.grafikat.at\/blog\/wp-json\/wp\/v2\/pages\/1236\/revisions"}],"predecessor-version":[{"id":2624,"href":"https:\/\/www.grafikat.at\/blog\/wp-json\/wp\/v2\/pages\/1236\/revisions\/2624"}],"wp:attachment":[{"href":"https:\/\/www.grafikat.at\/blog\/wp-json\/wp\/v2\/media?parent=1236"}],"curies":[{"name":"wp","href":"https:\/\/api.w.org\/{rel}","templated":true}]}}